0 + 6?
-5
(3 + -7 - -4 - 1) + 2
1
Calculate -2 + (12 - -8) + -12.
6
Evaluate -3 + (8 - 8 - (-1 - -1)).
-3
7 - 11 - (-6 - 0)
2
What is -6 + 19 + -2 + -12?
-1
Evaluate (3 - 3 - -2) + 3.
5
What is the value of 8 - 11 - (2 + -1 + -3)?
-1
Evaluate -2 - (-2 + -4 + 3).
1
Evaluate -6 + 9 + -9 + 1.
-5
What is -3 - (-18 - -14) - (-5 - -1)?
5
4 + 1 + -6 + -2
-3
-11 - (-11 - (4 - 6))
-2
Evaluate 4 + (-5 - 0) - 0.
-1
What is the value of 2 + 2 - (4 - -3)?
-3
Calculate 39 + -39 - (5 - (0 - 1)).
-6
What is the value of (14 - 6) + (-2 - (4 - 2))?
4
Evaluate (-9 - 1) + 22 + 1 + -20.
-7
Evaluate 34 + -34 + (5 - 0).
5
-2 + -3 + 1 + 4 + 4
4
Evaluate 0 + -3 + 5 + -4.
-2
What is the value of (0 - 5) + 162 + -148?
9
Evaluate 5 + (14 - 2) + -20.
-3
(3 - -9 - 14) + (-5 - 0)
-7
-5 + 1 + 10 + -3
3
What is the value of 3 - (8 - ((3 - 3) + 3))?
-2
Calculate -1 - ((3 - 5 - -4) + -5).
2
What is -8 - (3 - 2 - (-4 + 10))?
-3
Calculate (7 - 0) + -4 + -3.
0
Calculate 9 + -3 - (-1 - -5).
2
Calculate (-4 - (-8 + 3)) + -1.
0
3 + -1 + (2 - 3 - 1)
0
What is the value of (-19 - -5) + 16 - (-1 - -3)?
0
Evaluate 9 + -11 - (-3 + -10).
11
Evaluate (5 - 3) + -1 + (-2 - -6).
5
What is the value of (-6 - (-3 + 8 + -6)) + -2?
-7
-2 + 4 + 6 + -8 + 1
1
1 - 11 - -5 - -1
-4
Evaluate 3 + -13 + 1 + 6.
-3
What is the value of -8 + 3 + (-4 - -4)?
-5
What is the value of (14 - 21) + (5 - (2 + 0))?
-4
-14 - (-22 - -13) - -15
10
Calculate (2 - (2 + -2 - -4)) + 2.
0
What is (0 - -3) + -12 - -4?
-5
Evaluate 12 + -2 + 5 + -7 + -6.
2
What is the value of -2 + (6 - (3 + 2))?
-1
5 - 4 - (-1 + -4 - -3)
3
0 + (-2 + 1 - (9 - 14))
4
Calculate -4 + 11 - (-8 - -14).
1
Calculate (0 + -1 - -4) + -21 + 20.
2
What is the value of 4 + 1 + -3 + (-6 - -7)?
3
What is the value of 0 + -1 - (76 - 79)?
2
4 - (7 - (7 - 10))
-6
Calculate (2 + -3 - 2 - -8) + -2.
3
Evaluate (-1 - 5) + 2 + 6 + 2.
4
Evaluate 10 - (-4 - (-6 - 2)).
6
Evaluate (5 - (4 - 4)) + -1.
4
What is -9 + 6 - -3 - 3?
-3
What is 2 + 0 - (2 - -4 - 9)?
5
-14 + (48 + -37 - (6 - 1))
-8
(1 + 5 - -3) + -4
5
What is the value of 5 + 6 + -1 + -7?
3
Calculate 1 + 1 + 5 + 1 + -3.
5
Calculate -1 - -5 - (7 - -4) - -5.
-2
What is 3 + -10 + (5 - (-2 - -3))?
-3
What is the value of 1 + 1 + -2 + -4?
-4
Calculate -2 + -2 + -4 + -3 + 19.
8
What is -2 + 10 - 3 - (4 - 6)?
7
3 + 3 + -2 + -2
2
What is 0 - (3 - 2 - (-15 - -13))?
-3
What is (1 - 5 - -2) + 7 + -1?
4
Calculate -1 - -2 - (41 - 42).
2
1 + -1 + -1 - (-10 - -6)
3
Evaluate -12 - -9 - (-2 + 1) - -3.
1
What is 5 + -2 + 10 + -11?
2
What is 0 - 2 - (1 - -4 - 4)?
-3
What is -1 + 3 - 7 - (13 + -17)?
-1
Calculate 5 + (1 - (3 - (7 - 2))).
8
What is the value of 1 + -7 + 17 + -10?
1
What is 1 - (4 + -1 + 0 + 4)?
-6
Calculate 2 + 1 + -1 + 13 + -12.
3
Calculate -2 - -1 - (-35 - -40).
-6
What is the value of 4 + (-10 - (8 + (-8 - -3)))?
-9
What is 4 + 3 + -8 + 2?
1
What is -8 - (-1 + -2 + -6 + 10)?
-9
Evaluate -3 - ((3 - 7) + -5 - -1).
5
Evaluate (-1 - -7 - 4) + -1.
1
What is (-3 - (-2 + -10)) + -9?
0
Calculate -4 + -6 + 13 + -5.
-2
Calculate 0 - (3 - (0 - -7)).
4
Calculate (5 - (-8 - (2 - 7))) + -9.
-1
What is the value of -1 - (12 - 11 - (1 + -1))?
-2
Calculate (-1 - (1 + -1)) + 0 + -1.
-2
What is the value of 5 + (-2 + 5 - 3 - 1)?
4
What is (1 - 18) + (-80 - -90)?
-7
-5 - -5 - 3 - (4 - 3)
-4
What is the value of (4 - -2) + -12 - -6?
0
-71 + 73 + 0 + (1 - -1)
4
What is the value of (10 - 6) + (-2 - (3 - -3))?
-4
What is the value of 9 - ((8 + -12 - -1) + 4)?
8
Calculate -4 + 5 + 4 - 4.
1
(-10 - (11 + -7)) + 6
-8
Evaluate 7 + 8 + -8 + 0.
7
Calculate 1 + -14 - (-4 + -3).
-6
Evaluate -8 - -3 - (12 - 12).
-5
Evaluate (4 - 3) + (-5 - -4) - -4.
4
What is 1 - (-11 + (-3 + 10 - 1))?
6
What is -7 - (-5 + 4) - -4?
-2
Calculate (-7 - -14) + 0 + 3 + -4.
6
Calculate (3 - 4) + -1 + 4 + -4.
-2
What is 1 + 3 - 3 - 0?
1
What is the value of 2 + -4 - (15 + -8 - 2)?
-7
Evaluate 3 + (4 + -2 - 3).
2
Calculate (3 - 4) + 2 - (-14 + 14).
1
Calculate 14 + 8 + -21 + 1.
2
Evaluate -3 + 4 + 0 + 0.
1
What is the value of -5 - (31 - 36 - (-1 + -3))?
-4
What is the value of (0 - 0) + (26 - 12) + -10?
4
What is the value of (14 - 12) + (2 - 2)?
2
What is 0 + (-4 - -7) + -9?
-6
Evaluate 13 + -22 - -21 - 10.
2
Evaluate 6 + (-3 - -13) + -7.
9
What is the value of (7 - 7) + 5 + -13 + 0?
-8
Evaluate 10 - (-2 + -5) - 10.
7
What is 3 - (-4 - -9) - -4?
2
Evaluate 6 - ((19 + -5 - 6) + -4).
2
2 + -5 + (-1 - (-1 + 0))
-3
What is (34 - 29) + (-1 + -2 - -1)?
3
3 + -2 - (0 + 4)
-3
Calculate (-1 - 3) + -16 + 13 + 3.
-4
What is -2 + 1 - (26 - 25)?
-2
Evaluate (1 - 9 - -7) + (1 - 3).
-3
Calculate (0 - 1) + (-4 - (-16 - -6)).
5
-1 + -4 + (6 - 0) - 6
-5
Evaluate (5 - 2) + -5 + 3 + -1.
0
What is the value of -7 + -4 + (5 - -1) + 1?
-4
What is the value of 11 + -11 + (-1 - -1) - -4?
4
-4 + 2 - (-2 + 0)
0
Calculate 6 - (-1 - -6 - 0).
1
What is the value of (1 - 2) + (-2 - -6)?
3
Evaluate 21 - 24 - (-6 - -1 - 0).
2
Calculate (3 - 3) + 3 - 3.
0
What is the value of -6 - (-1 - (1 + 2) - -1)?
-3
What is 0 + (-3 - 1) + 3 + 0?
-1
(-2 - (4 - 11)) + (1 - 4)
2
2 + (-3 - -1) + 4
4
Calculate -10 + 2 - (-1 - (0 - -2)).
-5
What is -3 - (0 + -7) - 2?
2
Calculate 1 + (0 + 1 - 1) + 4.
5
What is the value of -4 + 2 + -4 + 3 + 1?
-2
Calculate (-1 - -2) + (-1 - -2) + 0.
2
Calculate -2 - (2 - (1 + 1 + 1)).
-1
Calculate (6 - 2) + 6 + -11.
-1
What is the value of 4 + 7 + -7 + -7?
-3
What is 10 + -6 + 3 + -4?
3
What is 6 + (1 + 5 - 9) + -1?
2
((-2 - 1) + 1 - -6) + 5
9
What is the value of 10 - 23 - -8 - (2 - 7)?
0
What is the value of -15 + 16 - ((-1 - -3) + 1)?
-2
Calculate 2 + (-3 - (-8 + 3)).
4
Evaluate -1 - 1 - (49 + -51).
0
What is the value of 13 + (-14 + 4 - 0)?
3
What is the value of (2 - 0 - -1) + (-5 - -5)?
3
6 + -16 + 14 + -7
-3
What is -2 - -4 - (-1 - -4 - 7)?
6
What is 2 + (3 - (7 + -1))?
-1
What is the value of 29 - 35 - (-7 - -1)?
0
Calculate (5 + -7 - 6) + 8.
0
What is the value of (6 - 1) + -3 + -1 + 1?
2
Evaluate (2 + -6 - -6) + -4.
-2
What is -7 - (2 - 2) - (-10 + 8)?
-5
What is the value of 1 + -5 + 9 + -4 + -3?
-2
Evaluate 31 - 33 - (-1 + 3).
-4
What is (-6 - -17 - 6) + -10 + 0?
-5
What is 2 - (0 + (-2 - -1) + 0)?
3
What is the value of -4 + (2 - 4 - (-6 - -4))?
-4
What is 0 + 0 - (-24 + 17)?
7
-10 - (7 + -1 + (-45 - -38))
-9
Calculate 4 - (3 - 0 - 4).
5
What is 2 - (4 + -2 + -6) - 9?
-3
Evaluate -5 - (-5 - (-2 + 0 + 0)).
-2
Calculate 13 - 6 - 9 - 2.
-4
What is 2 - (-3 - -3 - (1 + -2))?
1
What is the value of 8 + -11 - (-7 + -1 - -1)?
4
What is the value of (-4 - -2) + (6 - 3)?
1
(1 + -4 - -3) + 4
4
2 + -3 - (-10 + 2)
7
What is the value of (-1 - -7) + (4 - (-8 - -15))?
3
What is (-1 - (3 + -14)) + -11?
-1
Evaluate 10 + (2 - 8 - -2).
6
(0 - 0) + (-5 - -5 - 5)
-5
Evaluate (-3 + 0 - 0) + -1.
-4
What is the value of 1 - -1 - (2 + -5)?
5
What is the value of (-1 - (5 - 11 - -5)) + -8?
-8
What is (0 - 0) + (13 - 12)?
1
Evaluate 23 + -24 + (7 - 1).
5
What is -8 - (10 + -11) - (0 + -4)?
-3
Evaluate -9 + 2 + (4 - -1).
-2
5 - (11 + 0 - (56 + -49))
1
Calculate 3 - (-3 + 7 + 3).
-4
-6 + 7 - (-2 + 1)
2
What is the value of (6 - 15 - -11) + -5?
-3
What is the value of -1 + 1 - (-8 - -4)?
4
What is the value of 5 + (-1 - 1) + -5?
-2
What is 0 + (3 - 1) - 3?
-1
-1 + 1 + 0 - (6 + -2)
-4
Calculate -9 - (-10 + 3) - 3.
-5
What is 4 - (2 + -1 - (1 - -1))?
5
Evaluate -5 - (3 - (13 + -7)).
-2
What is 12 + -3 + 4 + -7 + -2?
4
Evaluate (-1 - -1) + -5 + 4 + -2.
-3
What is the value of -4 + 5 + (-5 - -12)?
8
What is 3 + (3 - 7) - 2?
-3
Evaluate 0 + -1 + 3 + (-24 - -18).
-4
What is -4 + 10 + (-3 - -1) - 0?
4
1 - (3 + -2 + -1)
1
4 + 0 + -4 + -1
-1
What is the value of -4 - ((-10 - -4) + 4 - 1)?
-1
What is 8 - (13 + -6 + -1)?
2
What is -35 + 38 + 0 + -4?
-1
What is 0 - (-4 - -4 - 6) - 6?
0
Evaluate (-1 - (-4 - (0 - 4))) + -3.
-4
(-3 - (-7 + 3)) + -2
-1
What is the value of 2 + 0 + -1 + (2 - -1)?
4
What is 0 + -6 + 3 + -4 + 6?
-1
What is (-5 - -5) + (-12 - -20)?
8
Evaluate -1 + (-9 - -4) + (3 - 1).
-4
Evaluate 2 + 3 + -1 + -1.
3
Calculate -23 - -32 - (8 - 0).
1
Evaluate 2 + (-4 - (2 + -8 + 2)).
2
Evaluate 4 - (-6 + 8 + 1).
1
What is the value of -1 - 2 - ((-3 - 1) + 2)?
-1
Evaluate -1 - (-7 - (-2 - 4)).
0
-4 - ((-5 - -1) + 2 + 0)
-2
What is the value of 6 - (3 + 2 + -1)?
2
(2 - -4 - 2) + -7
-3
Calculate (-21 - -10)